 + 25. Calculate the highest common divisor of l and v.
11
Let i = 5 + -3. Suppose 4*t = -3*a - i, 2*a + a - 33 = 3*t. Let l(d) = 42*d**3 - d**2 + 1. Let o be l(1). What is the highest common factor of a and o?
6
Suppose -y = 3*k - 22, -3*k - 2*k = 5*y - 60. Calculate the highest common factor of 77 and y.
7
Let b be 3 + (-2 + -29)/(-1). What is the highest common divisor of b and 51?
17
Let m = 217 + -142. Let f = 42 - 70. Let i = 2 - f. What is the highest common divisor of i and m?
15
Suppose 0 = -l + 6*l. Let g be 15 - (1 - 1)/1. Suppose l = -5*i - 0*i + g. Calculate the highest common divisor of 24 and i.
3
Let x be (-6)/((-120)/1325) - (-1)/(-4). What is the highest common factor of x and 88?
22
Let w = -78 - -170. Calculate the greatest common divisor of w and 23.
23
Let j(d) = 6*d**2 - 4. Let p = 2 + 1. Let f be j(p). What is the greatest common divisor of 20 and f?
10
Suppose 4*m = -2*p + 2*m - 10, -p - 2*m = 0. Let c be -2 + (-5)/(p/64). Suppose t = q - 0*q - 16, -2*q + 4 = 5*t. What is the highest common factor of q and c?
6
Suppose -77 = -4*q - 5*u + 94, 2*q = 5*u + 93. Suppose 0 = 3*m + j - 7, -2*m = 4*j + 8 + 4. What is the greatest common factor of m and q?
4
Let w(i) = i**2 - 12*i + 13. Let k be w(12). What is the greatest common factor of 52 and k?
13
Let v = 31 - 4. Let z = -10 + 19. Suppose -v = -3*s + z. Calculate the highest common factor of 108 and s.
12
Let y = 24 + -9. Calculate the highest common divisor of 195 and y.
15
Let m be (0 - (-41 + -1)) + -2. Suppose 2*c + 102 = -u, 0 = -5*c + 2*u - m - 224. Let k be (4/(-2))/(8/c). Calculate the greatest common divisor of k and 52.
13
Suppose 4*m = 2*i + 38, 3*i = -5*m - 2*i + 70. Suppose -1 = -2*n + m. Let w(c) = -c + 2. Let j be w(0). Calculate the highest common factor of j and n.
2
Suppose -433 - 159 = -v. Let o be v/20 - 2/(-5). Suppose 0*b = -2*b + 20. Calculate the greatest common divisor of o and b.
10
Let b = -154 - -159. What is the greatest common factor of b and 5?
5
Let c(o) = 2*o**2 + 4*o + 7. Let l be c(5). Let d be 7/((-3)/(-2 + -1)). What is the greatest common factor of d and l?
7
Let i be 0 + 775/15 + 2/(-3). Calculate the highest common factor of 34 and i.
17
Suppose 0 = -5*u - 4*m - 80, u + 5 = -4*m - 11. Let i be u*(1 + -2)/2. What is the highest common divisor of 88 and i?
8
Suppose -k = 5*o - 99, 5*k + 61 = 5*o - 14. Calculate the greatest common factor of o and 76.
19
Suppose -3*s + 5 + 10 = 0. Suppose s = -2*t + 3*t. Calculate the greatest common divisor of 2 and t.
1
Suppose -w + 6 - 3 = 0. Suppose -5*z = -2*h + 29, h + w*z = -h - 11. Suppose -h*o = -3 + 13, j - 29 = 5*o. Calculate the highest common divisor of 20 and j.
4
Suppose -12 = p - 2*p - 2*t, 3*p - 2*t = 12. Let d = -5 + p. Let l be 12*((-12)/9)/(-2). What is the highest common factor of d and l?
1
Let z be 5/((-15)/9) - -3. Suppose z = -3*c + 27 + 63. Calculate the greatest common factor of c and 6.
6
Let d(z) = 17*z + 3. Let t be d(4). Let k = t - 29. Calculate the highest common factor of k and 6.
6
Let x = 2 - -2. Suppose v + 6 = k, k + 4*k + 4*v - 12 = 0. Suppose -52 = -y - 5*g, -55 + 191 = k*y + 2*g. Calculate the highest common factor of x and y.
4
Let i = -10 - -20. Let v = i - 1. What is the greatest common factor of v and 9?
9
Let l(n) be the first derivative of -3 + 5*n - 13/2*n**2. Let f be l(-5). Calculate the highest common divisor of 10 and f.
10
Let x = 45 + 21. Calculate the greatest common divisor of 99 and x.
33
Let n = 4 - 3. Suppose n = -3*x - 23. Let q(w) = 2*w**2 + 12*w + 4. Let c be q(x). Calculate the highest common factor of 4 and c.
4
Suppose -k + 3*k = 4*u - 26, 3 = 3*u + 4*k. Suppose -35 = -5*c + u*d, 2*c - 1 - 4 = -d. What is the highest common divisor of 6 and c?
2
Let b be 70/15*(-15)/(-2). Let i = -1 + 6. Calculate the highest common factor of b and i.
5
Let w(o) = -4*o - 3. Let h be w(-3). Suppose h + 3 = 2*p. Suppose 3*d - p = 3. What is the greatest common divisor of 6 and d?
3
Suppose 4*n + 0*y - 23 = -3*y, 5*y = n. Suppose 2*t + 0*s = 5*s + 135, 5*t - 250 = -n*s. Calculate the greatest common factor of 5 and t.
5
Let t = -161 - -170. What is the highest common divisor of t and 36?
9
Let k(z) = z + 6. Let y be k(5). What is the highest common factor of y and 55?
11
Let j = 4 - 2. Let d be (-32)/40*(-45)/j. What is the highest common divisor of d and 12?
6
Suppose 3*v + 2*g = -9, -4*v + 4*g - g + 5 = 0. Let y be 12/v*100/(-15). Let n be ((-24)/5)/((-4)/y). What is the greatest common factor of n and 16?
16
Suppose 0 = 4*d - 1038 + 254. Let n(r) = 3*r**3 - 16*r**2 - 4*r - 20. Let p be n(6). What is the highest common divisor of d and p?
28
Let g(n) = n + 18. Let s be g(-6). What is the highest common factor of 3 and s?
3
Suppose 2 = 2*y - 2. Suppose 3*x = -5*i + 88 + 7, 2*x = -y*i + 66. Calculate the highest common factor of x and 5.
5
Suppose 0 = -3*f + 4*f + z - 34, 2*z - 2 = 0. Let q = 118 - 78. Let y be ((-48)/q)/(4/(-10)). Calculate the highest common divisor of y and f.
3
Let q(i) = -i**2 - 12*i + 3. Let n be q(-12). Calculate the highest common factor of n and 21.
3
Let f(n) = 27*n**2 + n. Let d be f(1). Calculate the greatest common factor of 168 and d.
28
Let q(j) be the first derivative of j**4/4 + j**3 - 3*j**2/2 + 7*j + 7. Let p be q(-4). What is the greatest common factor of 1 and p?
1
Suppose 3*t + 23 - 26 = 0. What is the greatest common factor of 5 and t?
1
Let w(j) = -j**2 + 17*j - 7. Let g be w(13). Let q be (-9 + 3)/((-4)/(-46)). Let c be (-4)/(-10) - q/15. Calculate the highest common factor of c and g.
5
Suppose -r - 7 = 2*i - 17, -r + 2*i - 10 = 0. Suppose -m + r = -40. What is the highest common divisor of m and 20?
20
Let k = -16 - -24. Suppose 12*p - k*p = 8. What is the greatest common divisor of 16 and p?
2
Suppose 71 = 5*v + 21. What is the greatest common factor of v and 110?
10
Suppose 5*p = p. Suppose 2*f - f = p. Suppose f = -0*l - 5*l + 180. Calculate the greatest common divisor of 12 and l.
12
Let l = 156 + 258. Let o = -246 + l. Suppose 0*w - 3*w = -o. Calculate the greatest common factor of w and 14.
14
Let r be 356/10 - ((-138)/(-30) + -5). What is the greatest common factor of 12 and r?
12
Let v(z) = 34*z + 6. Let x be v(5). Calculate the highest common factor of x and 16.
16
Let d be (-4 - -4) + -1 + 1 + 6. What is the highest common factor of d and 9?
3
Let s be (7*3)/(2/4). Let t be (-42)/28*-4*(-21)/(-9). Calculate the highest common divisor of t and s.
14
Let a = 24 + 130. Calculate the greatest common divisor of 14 and a.
14
Suppose 5*g - 37 = 243. What is the highest common divisor of g and 14?
14
Let x(y) = 2*y + 22*y**3 + 0*y**2 + 1 - 3*y + 0*y**2. Let s be x(1). What is the highest common factor of s and 2?
2
Let j be 117/18 + 1/2. Let x(h) = 8*h - 1. Let w be x(1). What is the highest common divisor of j and w?
7
Suppose 4*n - 2*c = 14, -5*c - 20 = -2*n - 3*n. What is the greatest common divisor of 9 and n?
3
Let u = -32 + 34. Calculate the greatest common factor of 5 and u.
1
Let t = 1583 - 1124. Calculate the greatest common divisor of 51 and t.
51
Let y(l) = -3 - l**2 - 3*l**3 - 3 - 2*l**3 + 5. Let f be y(-2). Suppose -28 = -2*q - 5*x, 3*q + 0*x - f = -4*x. What is the greatest common factor of q and 63?
9
Suppose -5*k + 126 + 54 = 0. Let o be (-6)/10*600/(-60). Calculate the highest common divisor of o and k.
6
Let w = -13 + 29. What is the highest common divisor of w and 24?
8
Let j(k) = 0*k + 0*k - 5*k - 2*k - k**2. Let g be j(-5). Calculate the highest common factor of 70 and g.
10
Let y(z) = z**2 - 9*z. Let a be y(10). Suppose 0 = -6*q + q - 2*c + 20, 2*c + a = 0. What is the highest common divisor of q and 4?
2
Suppose -3*q = -24 - 6. Let n be ((-28)/q)/(2/(-10)). Let m be -1 + 4 + -1 + n. Calculate the greatest common factor of m and 16.
16
Suppose -764 = -13*y + 4332. What is the highest common divisor of 49 and y?
49
Let b = 185 + -97. Let q(a) = -a + 2 + 0*a - 1. Let o be q(-7). Calculate the greatest common factor of b and o.
8
Let o = 30 - 20. Let l = 84 - -26. Calculate the highest common factor of l and o.
10
Let g be 30/9 - (-3)/(-9). Suppose -g*l + 8*l - 130 = 0. Calculate the highest common divisor of 13 and l.
13
Suppose 3*o = -2*w + 234, 3*o + 228 = 6*o + 4*w. Calculate the highes